CRAN Package Check Results for Package jsmodule

Last updated on 2020-02-21 15:47:44 CET.

Flavor Version Tinstall Tcheck Ttotal Status Flags
r-devel-linux-x86_64-debian-clang 1.0.5 29.70 193.40 223.10 OK
r-devel-linux-x86_64-debian-gcc 1.0.5 25.82 147.42 173.24 OK
r-devel-linux-x86_64-fedora-clang 1.0.5 271.48 NOTE
r-devel-linux-x86_64-fedora-gcc 1.0.5 267.65 NOTE
r-devel-windows-ix86+x86_64 1.0.4 69.00 200.00 269.00 OK
r-devel-windows-ix86+x86_64-gcc8 1.0.5 92.00 324.00 416.00 OK
r-patched-linux-x86_64 1.0.5 25.84 168.71 194.55 OK
r-patched-solaris-x86 1.0.5 294.30 NOTE
r-release-linux-x86_64 1.0.5 27.58 168.52 196.10 OK
r-release-windows-ix86+x86_64 1.0.5 58.00 214.00 272.00 OK
r-release-osx-x86_64 1.0.5 NOTE
r-oldrel-windows-ix86+x86_64 1.0.5 56.00 263.00 319.00 OK
r-oldrel-osx-x86_64 1.0.5 NOTE

Check Details

Version: 1.0.5
Check: package dependencies
Result: NOTE
    Imports includes 30 non-default packages.
    Importing from so many packages makes the package vulnerable to any of
    them becoming unavailable. Move as many as possible to Suggests and
    use conditionally.
Flavor: r-devel-linux-x86_64-fedora-clang

Version: 1.0.5
Check: dependencies in R code
Result: NOTE
    Namespace in Imports field not imported from: ‘survC1’
     All declared Imports should be used.
Flavors: r-devel-linux-x86_64-fedora-clang, r-devel-linux-x86_64-fedora-gcc, r-patched-solaris-x86, r-release-osx-x86_64, r-oldrel-osx-x86_64