CRAN Package Check Results for Package kerdiest

Last updated on 2020-04-04 03:51:22 CEST.

Flavor Version Tinstall Tcheck Ttotal Status Flags
r-devel-linux-x86_64-debian-clang 1.2 2.87 57.24 60.11 NOTE
r-devel-linux-x86_64-debian-gcc 1.2 2.19 43.10 45.29 NOTE
r-devel-linux-x86_64-fedora-clang 1.2 81.35 NOTE
r-devel-linux-x86_64-fedora-gcc 1.2 73.01 NOTE
r-devel-windows-ix86+x86_64 1.2 8.00 74.00 82.00 NOTE
r-devel-windows-ix86+x86_64-gcc8 1.2 6.00 76.00 82.00 NOTE
r-patched-linux-x86_64 1.2 2.60 57.52 60.12 NOTE
r-patched-solaris-x86 1.2 128.90 NOTE
r-release-linux-x86_64 1.2 2.30 54.22 56.52 NOTE
r-release-windows-ix86+x86_64 1.2 5.00 89.00 94.00 NOTE
r-release-osx-x86_64 1.2 NOTE
r-oldrel-windows-ix86+x86_64 1.2 5.00 75.00 80.00 NOTE
r-oldrel-osx-x86_64 1.2 NOTE

Check Details

Version: 1.2
Check: DESCRIPTION meta-information
Result: NOTE
    Malformed Title field: should not end in a period.
    Checking should be performed on sources prepared by 'R CMD build'.
Flavors: r-devel-linux-x86_64-debian-clang, r-devel-linux-x86_64-debian-gcc, r-devel-linux-x86_64-fedora-clang, r-devel-linux-x86_64-fedora-gcc, r-devel-windows-ix86+x86_64, r-devel-windows-ix86+x86_64-gcc8, r-patched-linux-x86_64, r-patched-solaris-x86, r-release-linux-x86_64, r-release-windows-ix86+x86_64, r-release-osx-x86_64, r-oldrel-windows-ix86+x86_64, r-oldrel-osx-x86_64

Version: 1.2
Check: dependencies in R code
Result: NOTE
    Packages in Depends field not imported from:
     'chron' 'date' 'evir'
     These packages need to be imported from (in the NAMESPACE file)
     for when this namespace is loaded but not attached.
Flavors: r-devel-linux-x86_64-debian-clang, r-devel-linux-x86_64-debian-gcc, r-devel-linux-x86_64-fedora-clang, r-devel-linux-x86_64-fedora-gcc, r-devel-windows-ix86+x86_64, r-devel-windows-ix86+x86_64-gcc8, r-patched-linux-x86_64, r-patched-solaris-x86, r-release-linux-x86_64, r-release-windows-ix86+x86_64, r-release-osx-x86_64, r-oldrel-windows-ix86+x86_64, r-oldrel-osx-x86_64

Version: 1.2
Check: R code for possible problems
Result: NOTE
    ALbw: no visible global function definition for 'sd'
    ALbw: no visible global function definition for 'quantile'
    CVbw: no visible global function definition for 'quantile'
    PBbw: no visible global function definition for 'sd'
    PBbw: no visible global function definition for 'IQR'
    kernel_function: no visible global function definition for 'dnorm'
    kernel_function_distribution: no visible global function definition for
     'pnorm'
    simp_int: no visible global function definition for 'approx'
    Undefined global functions or variables:
     IQR approx dnorm pnorm quantile sd
    Consider adding
     importFrom("stats", "IQR", "approx", "dnorm", "pnorm", "quantile",
     "sd")
    to your NAMESPACE file.
Flavors: r-devel-linux-x86_64-debian-clang, r-devel-linux-x86_64-debian-gcc, r-devel-linux-x86_64-fedora-clang, r-devel-linux-x86_64-fedora-gcc, r-devel-windows-ix86+x86_64, r-devel-windows-ix86+x86_64-gcc8, r-patched-linux-x86_64, r-patched-solaris-x86, r-release-linux-x86_64, r-release-windows-ix86+x86_64, r-release-osx-x86_64, r-oldrel-windows-ix86+x86_64, r-oldrel-osx-x86_64