CRAN Package Check Results for Package kpcalg

Last updated on 2020-04-04 03:51:22 CEST.

Flavor Version Tinstall Tcheck Ttotal Status Flags
r-devel-linux-x86_64-debian-clang 1.0.1 12.50 254.44 266.94 OK
r-devel-linux-x86_64-debian-gcc 1.0.1 10.77 194.99 205.76 OK
r-devel-linux-x86_64-fedora-clang 1.0.1 315.07 OK
r-devel-linux-x86_64-fedora-gcc 1.0.1 325.29 OK
r-devel-windows-ix86+x86_64 1.0.1 29.00 129.00 158.00 WARN
r-devel-windows-ix86+x86_64-gcc8 1.0.1 26.00 137.00 163.00 WARN
r-patched-linux-x86_64 1.0.1 12.81 248.93 261.74 OK
r-patched-solaris-x86 1.0.1 501.70 OK
r-release-linux-x86_64 1.0.1 12.79 232.13 244.92 OK
r-release-windows-ix86+x86_64 1.0.1 26.00 256.00 282.00 OK
r-release-osx-x86_64 1.0.1 OK
r-oldrel-windows-ix86+x86_64 1.0.1 19.00 229.00 248.00 OK
r-oldrel-osx-x86_64 1.0.1 OK

Check Details

Version: 1.0.1
Check: re-building of vignette outputs
Result: WARN
    Error(s) in re-building vignettes:
    --- re-building 'kpcalg_tutorial.Rnw' using knitr
    Loading required package: BiocGenerics
    Loading required package: parallel
    
    Attaching package: 'BiocGenerics'
    
    The following objects are masked from 'package:parallel':
    
     clusterApply, clusterApplyLB, clusterCall, clusterEvalQ,
     clusterExport, clusterMap, parApply, parCapply, parLapply,
     parLapplyLB, parRapply, parSapply, parSapplyLB
    
    The following objects are masked from 'package:stats':
    
     IQR, mad, sd, var, xtabs
    
    The following objects are masked from 'package:base':
    
     Filter, Find, Map, Position, Reduce, anyDuplicated, append,
     as.data.frame, basename, cbind, colnames, dirname, do.call,
     duplicated, eval, evalq, get, grep, grepl, intersect, is.unsorted,
     lapply, mapply, match, mget, order, paste, pmax, pmax.int, pmin,
     pmin.int, rank, rbind, rownames, sapply, setdiff, sort, table,
     tapply, union, unique, unsplit, which, which.max, which.min
    
    Quitting from lines 61-65 (kpcalg_tutorial.Rnw)
    Error: processing vignette 'kpcalg_tutorial.Rnw' failed with diagnostics:
    cannot coerce type 'S4' to vector of type 'double'
    --- failed re-building 'kpcalg_tutorial.Rnw'
    
    SUMMARY: processing the following file failed:
     'kpcalg_tutorial.Rnw'
    
    Error: Vignette re-building failed.
    Execution halted
Flavors: r-devel-windows-ix86+x86_64, r-devel-windows-ix86+x86_64-gcc8