CRAN Package Check Results for Package lassoscore

Last updated on 2020-07-10 07:50:40 CEST.

Flavor Version Tinstall Tcheck Ttotal Status Flags
r-devel-linux-x86_64-debian-clang 0.6 8.32 61.69 70.01 NOTE
r-devel-linux-x86_64-debian-gcc 0.6 6.17 47.42 53.59 NOTE
r-devel-linux-x86_64-fedora-clang 0.6 89.86 NOTE
r-devel-linux-x86_64-fedora-gcc 0.6 80.43 NOTE
r-devel-windows-ix86+x86_64 0.6 13.00 74.00 87.00 NOTE
r-patched-linux-x86_64 0.6 7.40 61.48 68.88 NOTE
r-patched-solaris-x86 0.6 125.50 NOTE
r-release-linux-x86_64 0.6 7.35 59.98 67.33 NOTE
r-release-osx-x86_64 0.6 NOTE
r-release-windows-ix86+x86_64 0.6 14.00 95.00 109.00 NOTE
r-oldrel-osx-x86_64 0.6 NOTE
r-oldrel-windows-ix86+x86_64 0.6 18.00 72.00 90.00 NOTE

Check Details

Version: 0.6
Check: package dependencies
Result: NOTE
    Package suggested but not available for checking: 'covTest'
Flavors: r-devel-linux-x86_64-debian-clang, r-devel-linux-x86_64-debian-gcc, r-devel-linux-x86_64-fedora-clang, r-devel-linux-x86_64-fedora-gcc, r-devel-windows-ix86+x86_64, r-patched-linux-x86_64, r-patched-solaris-x86, r-release-linux-x86_64, r-release-osx-x86_64, r-release-windows-ix86+x86_64, r-oldrel-osx-x86_64

Version: 0.6
Check: R code for possible problems
Result: NOTE
    glassoscore: no visible global function definition for 'var'
    glassoscore: no visible global function definition for 'pchisq'
    lassoscore: no visible global function definition for 'txtProgressBar'
    lassoscore: no visible global function definition for
     'setTxtProgressBar'
    lassoscore: no visible global function definition for 'pchisq'
    plot.glassoscore: no visible global function definition for 'legend'
    plot.lassoscore: no visible global function definition for 'legend'
    plot.mbscore: no visible global function definition for 'legend'
    qqpval: no visible global function definition for 'ppoints'
    qqpval: no visible global function definition for 'qbeta'
    qqpval: no visible global function definition for 'points'
    qqpval: no visible global function definition for 'abline'
    qqpval: no visible global function definition for 'polygon'
    Undefined global functions or variables:
     abline legend pchisq points polygon ppoints qbeta setTxtProgressBar
     txtProgressBar var
    Consider adding
     importFrom("graphics", "abline", "legend", "points", "polygon")
     importFrom("stats", "pchisq", "ppoints", "qbeta", "var")
     importFrom("utils", "setTxtProgressBar", "txtProgressBar")
    to your NAMESPACE file.
Flavors: r-devel-linux-x86_64-debian-clang, r-devel-linux-x86_64-debian-gcc, r-devel-linux-x86_64-fedora-clang, r-devel-linux-x86_64-fedora-gcc, r-devel-windows-ix86+x86_64, r-patched-linux-x86_64, r-patched-solaris-x86, r-release-linux-x86_64, r-release-osx-x86_64, r-release-windows-ix86+x86_64

Version: 0.6
Check: R code for possible problems
Result: NOTE
    glassoscore: no visible global function definition for ‘var’
    glassoscore: no visible global function definition for ‘pchisq’
    lassoscore: no visible global function definition for ‘txtProgressBar’
    lassoscore: no visible global function definition for
     ‘setTxtProgressBar’
    lassoscore: no visible global function definition for ‘pchisq’
    plot.glassoscore: no visible global function definition for ‘legend’
    plot.lassoscore: no visible global function definition for ‘legend’
    plot.mbscore: no visible global function definition for ‘legend’
    qqpval: no visible global function definition for ‘ppoints’
    qqpval: no visible global function definition for ‘qbeta’
    qqpval: no visible global function definition for ‘points’
    qqpval: no visible global function definition for ‘plot’
    qqpval: no visible global function definition for ‘abline’
    qqpval: no visible global function definition for ‘polygon’
    Undefined global functions or variables:
     abline legend pchisq plot points polygon ppoints qbeta
     setTxtProgressBar txtProgressBar var
    Consider adding
     importFrom("graphics", "abline", "legend", "plot", "points", "polygon")
     importFrom("stats", "pchisq", "ppoints", "qbeta", "var")
     importFrom("utils", "setTxtProgressBar", "txtProgressBar")
    to your NAMESPACE file.
Flavors: r-oldrel-osx-x86_64, r-oldrel-windows-ix86+x86_64