CRAN Package Check Results for Package lgr

Last updated on 2020-08-10 19:48:33 CEST.

Flavor Version Tinstall Tcheck Ttotal Status Flags
r-devel-linux-x86_64-debian-clang 0.3.4 25.43 70.69 96.12 OK
r-devel-linux-x86_64-debian-gcc 0.3.4 23.79 55.06 78.85 OK
r-devel-linux-x86_64-fedora-clang 0.3.4 126.04 OK
r-devel-linux-x86_64-fedora-gcc 0.3.4 119.05 OK
r-devel-windows-ix86+x86_64 0.3.4 43.00 122.00 165.00 NOTE
r-patched-linux-x86_64 0.3.4 25.18 69.33 94.51 OK
r-patched-solaris-x86 0.3.4 157.50 NOTE
r-release-linux-x86_64 0.3.4 24.37 69.36 93.73 OK
r-release-macos-x86_64 0.3.4 OK
r-release-windows-ix86+x86_64 0.3.4 33.00 121.00 154.00 WARN
r-oldrel-macos-x86_64 0.3.4 OK
r-oldrel-windows-ix86+x86_64 0.3.4 33.00 82.00 115.00 NOTE

Check Details

Version: 0.3.4
Check: package dependencies
Result: NOTE
    Package suggested but not available for checking: 'rsyslog'
Flavors: r-devel-windows-ix86+x86_64, r-release-windows-ix86+x86_64, r-oldrel-windows-ix86+x86_64

Version: 0.3.4
Check: Rd cross-references
Result: NOTE
    Package unavailable to check Rd xrefs: 'rsyslog'
Flavors: r-devel-windows-ix86+x86_64, r-oldrel-windows-ix86+x86_64

Version: 0.3.4
Check: package dependencies
Result: NOTE
    Package suggested but not available for checking: ‘RPostgres’
Flavor: r-patched-solaris-x86

Version: 0.3.4
Check: Rd cross-references
Result: NOTE
    Unknown package 'rsyslog' in Rd xrefs
Flavor: r-release-windows-ix86+x86_64

Version: 0.3.4
Check: for unstated dependencies in ‘tests’
Result: WARN
    Warning: unable to access index for repository https://CRAN.R-project.org/src/contrib:
     cannot open URL 'https://CRAN.R-project.org/src/contrib/PACKAGES'
Flavor: r-release-windows-ix86+x86_64