CRAN Package Check Results for Package log4r

Last updated on 2020-07-13 19:48:35 CEST.

Flavor Version Tinstall Tcheck Ttotal Status Flags
r-devel-linux-x86_64-debian-clang 0.3.2 2.63 31.90 34.53 OK
r-devel-linux-x86_64-debian-gcc 0.3.2 1.86 24.89 26.75 OK
r-devel-linux-x86_64-fedora-clang 0.3.2 48.39 OK
r-devel-linux-x86_64-fedora-gcc 0.3.2 48.54 OK
r-devel-windows-ix86+x86_64 0.3.2 13.00 79.00 92.00 OK
r-patched-linux-x86_64 0.3.2 2.49 31.79 34.28 OK
r-patched-solaris-x86 0.3.2 59.10 OK
r-release-linux-x86_64 0.3.2 2.43 31.84 34.27 OK
r-release-macos-x86_64 0.3.2 ERROR
r-release-windows-ix86+x86_64 0.3.2 13.00 58.00 71.00 OK
r-oldrel-macos-x86_64 0.3.2 OK
r-oldrel-windows-ix86+x86_64 0.3.2 10.00 55.00 65.00 OK

Check Details

Version: 0.3.2
Check: whether package can be installed
Result: ERROR
    Installation failed.
Flavor: r-release-macos-x86_64