CRAN Package Check Results for Package loose.rock

Last updated on 2020-03-31 19:49:46 CEST.

Flavor Version Tinstall Tcheck Ttotal Status Flags
r-devel-linux-x86_64-debian-clang 1.0.16 4.78 69.37 74.15 NOTE
r-devel-linux-x86_64-debian-gcc 1.0.16 4.61 54.56 59.17 NOTE
r-devel-linux-x86_64-fedora-clang 1.0.16 81.60 NOTE
r-devel-linux-x86_64-fedora-gcc 1.0.16 85.33 NOTE
r-devel-windows-ix86+x86_64 1.0.16 17.00 104.00 121.00 NOTE
r-devel-windows-ix86+x86_64-gcc8 1.0.16 13.00 103.00 116.00 NOTE
r-patched-linux-x86_64 1.0.16 4.85 65.37 70.22 NOTE
r-patched-solaris-x86 1.0.16 158.10 NOTE
r-release-linux-x86_64 1.0.16 3.54 60.82 64.36 OK
r-release-windows-ix86+x86_64 1.0.16 23.00 149.00 172.00 OK
r-release-osx-x86_64 1.0.16 ERROR
r-oldrel-windows-ix86+x86_64 1.0.16 13.00 157.00 170.00 OK
r-oldrel-osx-x86_64 1.0.16 ERROR

Check Details

Version: 1.0.16
Check: package vignettes
Result: NOTE
    Package vignette with placeholder title 'Vignette Title':
     'Overview.Rmd'
Flavors: r-devel-linux-x86_64-debian-clang, r-devel-linux-x86_64-debian-gcc, r-devel-windows-ix86+x86_64, r-devel-windows-ix86+x86_64-gcc8, r-patched-linux-x86_64

Version: 1.0.16
Check: dependencies in R code
Result: NOTE
    Namespace in Imports field not imported from: ‘futile.options’
     All declared Imports should be used.
Flavors: r-devel-linux-x86_64-fedora-clang, r-devel-linux-x86_64-fedora-gcc, r-patched-solaris-x86, r-release-osx-x86_64, r-oldrel-osx-x86_64

Version: 1.0.16
Check: tests
Result: ERROR
     Running ‘testthat.R’ [13s/55s]
    Running the tests in ‘tests/testthat.R’ failed.
    Last 13 lines of output:
     >
     > test_check("loose.rock")
     ── 1. Failure: run.cache base.dir in folder that does not have access (@test-run
     `run.cache(sum, 1, 2, 3, 4, 5, show.message = FALSE, base.dir = "/")` did not produce any warnings.
    
     ── 2. Failure: run.cache base.dir in folder that does not have access (@test-run
     `run.cache(sum, 1, 2, 3, 4, 5, show.message = FALSE, base.dir = "/daca")` did not produce any warnings.
    
     ══ testthat results ═══════════════════════════════════════════════════════════
     [ OK: 147 | SKIPPED: 0 | WARNINGS: 0 | FAILED: 2 ]
     1. Failure: run.cache base.dir in folder that does not have access (@test-run.cache.R#29)
     2. Failure: run.cache base.dir in folder that does not have access (@test-run.cache.R#40)
    
     Error: testthat unit tests failed
     Execution halted
Flavor: r-release-osx-x86_64

Version: 1.0.16
Check: tests
Result: ERROR
     Running ‘testthat.R’ [10s/97s]
    Running the tests in ‘tests/testthat.R’ failed.
    Last 13 lines of output:
     >
     > test_check("loose.rock")
     Skipping getBM FALSE TRUE── 1. Failure: run.cache base.dir in folder that does not have access (@test-run
     `run.cache(sum, 1, 2, 3, 4, 5, show.message = FALSE, base.dir = "/")` did not produce any warnings.
    
     ── 2. Failure: run.cache base.dir in folder that does not have access (@test-run
     `run.cache(sum, 1, 2, 3, 4, 5, show.message = FALSE, base.dir = "/daca")` did not produce any warnings.
    
     ══ testthat results ═══════════════════════════════════════════════════════════
     [ OK: 147 | SKIPPED: 0 | WARNINGS: 1 | FAILED: 2 ]
     1. Failure: run.cache base.dir in folder that does not have access (@test-run.cache.R#29)
     2. Failure: run.cache base.dir in folder that does not have access (@test-run.cache.R#40)
    
     Error: testthat unit tests failed
     Execution halted
Flavor: r-oldrel-osx-x86_64