CRAN Package Check Results for Package lpme

Last updated on 2020-01-22 11:50:18 CET.

Flavor Version Tinstall Tcheck Ttotal Status Flags
r-devel-linux-x86_64-debian-clang 1.1.1 137.37 44.08 181.45 OK
r-devel-linux-x86_64-debian-gcc 1.1.1 99.63 33.68 133.31 OK
r-devel-linux-x86_64-fedora-clang 1.1.1 262.60 NOTE
r-devel-linux-x86_64-fedora-gcc 1.1.1 257.03 OK
r-devel-windows-ix86+x86_64 1.1.1 360.00 121.00 481.00 OK
r-devel-windows-ix86+x86_64-gcc8 1.1.1 365.00 121.00 486.00 OK
r-patched-linux-x86_64 1.1.1 110.48 41.46 151.94 OK
r-patched-solaris-x86 1.1.1 218.40 OK
r-release-linux-x86_64 1.1.1 114.83 41.67 156.50 OK
r-release-windows-ix86+x86_64 1.1.1 322.00 116.00 438.00 OK
r-release-osx-x86_64 1.1.1 OK
r-oldrel-windows-ix86+x86_64 1.1.1 206.00 89.00 295.00 OK
r-oldrel-osx-x86_64 1.1.1 OK

Check Details

Version: 1.1.1
Check: installed package size
Result: NOTE
     installed size is 6.5Mb
     sub-directories of 1Mb or more:
     libs 6.3Mb
Flavor: r-devel-linux-x86_64-fedora-clang