CRAN Package Check Results for Package ltm

Last updated on 2020-07-14 03:47:53 CEST.

Flavor Version Tinstall Tcheck Ttotal Status Flags
r-devel-linux-x86_64-debian-clang 1.1-1 17.01 117.86 134.87 OK
r-devel-linux-x86_64-debian-gcc 1.1-1 13.51 87.74 101.25 OK
r-devel-linux-x86_64-fedora-clang 1.1-1 168.60 OK
r-devel-linux-x86_64-fedora-gcc 1.1-1 164.21 OK
r-devel-windows-ix86+x86_64 1.1-1 27.00 162.00 189.00 OK
r-patched-linux-x86_64 1.1-1 18.37 115.42 133.79 OK
r-patched-solaris-x86 1.1-1 214.10 OK
r-release-linux-x86_64 1.1-1 17.00 115.54 132.54 OK
r-release-macos-x86_64 1.1-1 ERROR
r-release-windows-ix86+x86_64 1.1-1 34.00 123.00 157.00 OK
r-oldrel-macos-x86_64 1.1-1 OK
r-oldrel-windows-ix86+x86_64 1.1-1 31.00 154.00 185.00 OK

Check Details

Version: 1.1-1
Check: whether package can be installed
Result: ERROR
    Installation failed.
Flavor: r-release-macos-x86_64