CRAN Package Check Results for Package mgcViz

Last updated on 2020-04-05 19:50:09 CEST.

Flavor Version Tinstall Tcheck Ttotal Status Flags
r-devel-linux-x86_64-debian-clang 0.1.6 20.76 337.21 357.97 OK
r-devel-linux-x86_64-debian-gcc 0.1.6 0.65 3.25 3.90 ERROR
r-devel-linux-x86_64-fedora-clang 0.1.6 395.71 NOTE
r-devel-linux-x86_64-fedora-gcc 0.1.6 413.51 OK
r-devel-windows-ix86+x86_64 0.1.6 35.00 384.00 419.00 NOTE
r-devel-windows-ix86+x86_64-gcc8 0.1.6 33.00 390.00 423.00 NOTE
r-patched-linux-x86_64 0.1.6 17.86 312.07 329.93 OK
r-patched-solaris-x86 0.1.6 558.90 NOTE
r-release-linux-x86_64 0.1.6 17.73 309.04 326.77 OK
r-release-windows-ix86+x86_64 0.1.6 44.00 540.00 584.00 NOTE
r-release-osx-x86_64 0.1.6 WARN
r-oldrel-windows-ix86+x86_64 0.1.6 23.00 449.00 472.00 NOTE
r-oldrel-osx-x86_64 0.1.6 WARN

Check Details

Version: 0.1.6
Check: whether package can be installed
Result: ERROR
    Installation failed.
Flavor: r-devel-linux-x86_64-debian-gcc

Version: 0.1.6
Check: installed package size
Result: NOTE
     installed size is 5.1Mb
     sub-directories of 1Mb or more:
     doc 4.4Mb
Flavors: r-devel-linux-x86_64-fedora-clang, r-devel-windows-ix86+x86_64, r-devel-windows-ix86+x86_64-gcc8, r-patched-solaris-x86, r-release-windows-ix86+x86_64, r-release-osx-x86_64, r-oldrel-windows-ix86+x86_64, r-oldrel-osx-x86_64

Version: 0.1.6
Check: whether package can be installed
Result: WARN
    Found the following significant warnings:
     Warning: 'rgl.init' failed, running with 'rgl.useNULL = TRUE'.
Flavors: r-release-osx-x86_64, r-oldrel-osx-x86_64

Version: 0.1.6
Check: R code for possible problems
Result: NOTE
    plot.ptermMatrixNumeric: no visible global function definition for
     'str2expression'
    pterm: no visible global function definition for 'str2expression'
    Undefined global functions or variables:
     str2expression
Flavors: r-oldrel-windows-ix86+x86_64, r-oldrel-osx-x86_64