CRAN Package Check Results for Package mirt

Last updated on 2020-04-07 15:48:34 CEST.

Flavor Version Tinstall Tcheck Ttotal Status Flags
r-devel-linux-x86_64-debian-clang 1.31 132.61 196.63 329.24 OK
r-devel-linux-x86_64-debian-gcc 1.31 101.77 149.66 251.43 OK
r-devel-linux-x86_64-fedora-clang 1.31 427.93 NOTE
r-devel-linux-x86_64-fedora-gcc 1.31 461.51 OK
r-devel-windows-ix86+x86_64 1.31 298.00 228.00 526.00 OK
r-devel-windows-ix86+x86_64-gcc8 1.31 224.00 244.00 468.00 OK
r-patched-linux-x86_64 1.31 119.02 196.19 315.21 OK
r-patched-solaris-x86 1.31 447.50 OK
r-release-linux-x86_64 1.31 112.27 175.63 287.90 OK
r-release-windows-ix86+x86_64 1.31 233.00 274.00 507.00 OK
r-release-osx-x86_64 1.31 NOTE
r-oldrel-windows-ix86+x86_64 1.31 253.00 221.00 474.00 OK
r-oldrel-osx-x86_64 1.31 NOTE

Check Details

Version: 1.31
Check: installed package size
Result: NOTE
     installed size is 10.1Mb
     sub-directories of 1Mb or more:
     R 1.4Mb
     libs 8.1Mb
Flavors: r-devel-linux-x86_64-fedora-clang, r-release-osx-x86_64, r-oldrel-osx-x86_64