CRAN Package Check Results for Package missForest

Last updated on 2020-02-18 03:47:44 CET.

Flavor Version Tinstall Tcheck Ttotal Status Flags
r-devel-linux-x86_64-debian-clang 1.4 2.56 22.84 25.40 NOTE
r-devel-linux-x86_64-debian-gcc 1.4 2.21 18.70 20.91 NOTE
r-devel-linux-x86_64-fedora-clang 1.4 32.18 NOTE
r-devel-linux-x86_64-fedora-gcc 1.4 30.87 NOTE
r-devel-windows-ix86+x86_64 1.4 6.00 32.00 38.00 NOTE
r-devel-windows-ix86+x86_64-gcc8 1.4 9.00 47.00 56.00 NOTE
r-patched-linux-x86_64 1.4 2.09 21.20 23.29 NOTE
r-patched-solaris-x86 1.4 48.70 NOTE
r-release-linux-x86_64 1.4 2.02 21.02 23.04 NOTE
r-release-windows-ix86+x86_64 1.4 6.00 32.00 38.00 NOTE
r-release-osx-x86_64 1.4 NOTE
r-oldrel-windows-ix86+x86_64 1.4 3.00 56.00 59.00 NOTE
r-oldrel-osx-x86_64 1.4 NOTE

Check Details

Version: 1.4
Check: R code for possible problems
Result: NOTE
    missForest: no visible global function definition for 'predict'
    missForest: no visible global function definition for 'idiv'
    missForest: no visible global function definition for 'var'
    nrmse: no visible global function definition for 'var'
    Undefined global functions or variables:
     idiv predict var
    Consider adding
     importFrom("stats", "predict", "var")
    to your NAMESPACE file.
Flavors: r-devel-linux-x86_64-debian-clang, r-devel-linux-x86_64-debian-gcc, r-devel-linux-x86_64-fedora-clang, r-devel-linux-x86_64-fedora-gcc, r-devel-windows-ix86+x86_64, r-devel-windows-ix86+x86_64-gcc8, r-patched-linux-x86_64, r-patched-solaris-x86, r-release-linux-x86_64, r-release-windows-ix86+x86_64, r-release-osx-x86_64, r-oldrel-windows-ix86+x86_64, r-oldrel-osx-x86_64