CRAN Package Check Results for Package mombf

Last updated on 2020-01-22 15:49:06 CET.

Flavor Version Tinstall Tcheck Ttotal Status Flags
r-devel-linux-x86_64-debian-clang 2.2.9 162.13 226.47 388.60 OK
r-devel-linux-x86_64-debian-gcc 2.2.9 108.72 159.72 268.44 OK
r-devel-linux-x86_64-fedora-clang 2.2.9 473.10 NOTE
r-devel-linux-x86_64-fedora-gcc 2.2.9 464.40 OK
r-devel-windows-ix86+x86_64 2.2.9 355.00 274.00 629.00 OK
r-devel-windows-ix86+x86_64-gcc8 2.2.9 388.00 327.00 715.00 OK
r-patched-linux-x86_64 2.2.9 115.12 195.15 310.27 OK
r-patched-solaris-x86 2.2.9 499.60 OK
r-release-linux-x86_64 2.2.9 123.89 196.11 320.00 OK
r-release-windows-ix86+x86_64 2.2.9 266.00 365.00 631.00 OK
r-release-osx-x86_64 2.2.9 NOTE
r-oldrel-windows-ix86+x86_64 2.2.9 237.00 259.00 496.00 OK
r-oldrel-osx-x86_64 2.2.9 OK

Check Details

Version: 2.2.9
Check: installed package size
Result: NOTE
     installed size is 5.5Mb
     sub-directories of 1Mb or more:
     libs 4.2Mb
Flavors: r-devel-linux-x86_64-fedora-clang, r-release-osx-x86_64