CRAN Package Check Results for Package move

Last updated on 2020-04-05 23:47:33 CEST.

Flavor Version Tinstall Tcheck Ttotal Status Flags
r-devel-linux-x86_64-debian-clang 3.3.0 35.94 328.39 364.33 OK
r-devel-linux-x86_64-debian-gcc 3.3.0 0.53 2.93 3.46 ERROR
r-devel-linux-x86_64-fedora-clang 3.3.0 421.35 OK
r-devel-linux-x86_64-fedora-gcc 3.3.0 482.45 OK
r-devel-windows-ix86+x86_64 3.3.0 85.00 665.00 750.00 NOTE
r-devel-windows-ix86+x86_64-gcc8 3.3.0 53.00 503.00 556.00 NOTE
r-patched-linux-x86_64 3.3.0 35.18 315.88 351.06 OK
r-patched-solaris-x86 3.3.0 489.60 OK
r-release-linux-x86_64 3.3.0 28.11 283.81 311.92 OK
r-release-windows-ix86+x86_64 3.3.0 58.00 549.00 607.00 OK
r-release-osx-x86_64 3.3.0 FAIL
r-oldrel-windows-ix86+x86_64 3.3.0 62.00 478.00 540.00 OK
r-oldrel-osx-x86_64 3.3.0 ERROR

Check Details

Version: 3.3.0
Check: whether package can be installed
Result: ERROR
    Installation failed.
Flavor: r-devel-linux-x86_64-debian-gcc

Version: 3.3.0
Check: installed package size
Result: NOTE
     installed size is 5.0Mb
     sub-directories of 1Mb or more:
     R 1.1Mb
     libs 1.4Mb
Flavors: r-devel-windows-ix86+x86_64, r-devel-windows-ix86+x86_64-gcc8

Version: 3.3.0
Check: tests
Result: FAIL
Flavor: r-release-osx-x86_64

Version: 3.3.0
Check: tests
Result: ERROR
     Running ‘test-all.R’ [83s/93s]
    Running the tests in ‘tests/test-all.R’ failed.
    Last 13 lines of output:
     password:
     username:
     password:
     username:
     password:
     username:
     password:
     username:
     password:
     ══ testthat results ═══════════════════════════════════════════════════════════
     [ OK: 494 | SKIPPED: 5 | WARNINGS: 10 | FAILED: 1 ]
     1. Failure: moveAde (@test.moveAde.R#38)
    
     Error: testthat unit tests failed
     Execution halted
Flavor: r-oldrel-osx-x86_64