CRAN Package Check Results for Package muhaz

Last updated on 2019-11-17 23:48:25 CET.

Flavor Version Tinstall Tcheck Ttotal Status Flags
r-devel-linux-x86_64-debian-clang 1.2.6.1 7.10 53.78 60.88 OK
r-devel-linux-x86_64-debian-gcc 1.2.6.1 6.50 41.54 48.04 OK
r-devel-linux-x86_64-fedora-clang 1.2.6.1 71.18 NOTE
r-devel-linux-x86_64-fedora-gcc 1.2.6.1 72.82 NOTE
r-devel-windows-ix86+x86_64 1.2.6.1 23.00 101.00 124.00 OK
r-patched-linux-x86_64 1.2.6.1 6.20 51.03 57.23 OK
r-patched-solaris-x86 1.2.6.1 111.10 OK
r-release-linux-x86_64 1.2.6.1 6.81 49.71 56.52 OK
r-release-windows-ix86+x86_64 1.2.6.1 17.00 76.00 93.00 OK
r-release-osx-x86_64 1.2.6.1 OK
r-oldrel-windows-ix86+x86_64 1.2.6.1 14.00 104.00 118.00 OK
r-oldrel-osx-x86_64 1.2.6.1 OK

Check Details

Version: 1.2.6.1
Check: compiled code
Result: NOTE
    File ‘muhaz/libs/muhaz.so’:
     Found no calls to: ‘R_registerRoutines’, ‘R_useDynamicSymbols’
    
    It is good practice to register native routines and to disable symbol
    search.
    
    See ‘Writing portable packages’ in the ‘Writing R Extensions’ manual.
Flavors: r-devel-linux-x86_64-fedora-clang, r-devel-linux-x86_64-fedora-gcc