CRAN Package Check Results for Package netchain

Last updated on 2020-06-06 23:47:12 CEST.

Flavor Version Tinstall Tcheck Ttotal Status Flags
r-devel-linux-x86_64-debian-clang 0.2.0 19.66 109.52 129.18 OK
r-devel-linux-x86_64-debian-gcc 0.2.0 15.79 75.61 91.40 OK
r-devel-linux-x86_64-fedora-clang 0.2.0 158.70 NOTE
r-devel-linux-x86_64-fedora-gcc 0.2.0 150.83 NOTE
r-devel-windows-ix86+x86_64 0.2.0 55.00 252.00 307.00 OK
r-patched-linux-x86_64 0.2.0 15.37 111.20 126.57 OK
r-patched-solaris-x86 0.2.0 167.40 NOTE
r-release-linux-x86_64 0.2.0 15.59 103.70 119.29 OK
r-release-osx-x86_64 0.2.0 NOTE
r-release-windows-ix86+x86_64 0.2.0 42.00 252.00 294.00 OK
r-oldrel-osx-x86_64 0.2.0 NOTE
r-oldrel-windows-ix86+x86_64 0.2.0 56.00 230.00 286.00 OK

Check Details

Version: 0.2.0
Check: dependencies in R code
Result: NOTE
    Namespaces in Imports field not imported from:
     ‘Matrix’ ‘igraph’
     All declared Imports should be used.
Flavors: r-devel-linux-x86_64-fedora-clang, r-devel-linux-x86_64-fedora-gcc, r-patched-solaris-x86, r-release-osx-x86_64, r-oldrel-osx-x86_64