CRAN Package Check Results for Package nitrcbot

Last updated on 2020-06-06 23:47:12 CEST.

Flavor Version Tinstall Tcheck Ttotal Status Flags
r-devel-linux-x86_64-debian-clang 1.2 4.72 44.05 48.77 NOTE
r-devel-linux-x86_64-debian-gcc 1.2 4.23 33.74 37.97 NOTE
r-devel-linux-x86_64-fedora-clang 1.2 67.75 OK
r-devel-linux-x86_64-fedora-gcc 1.2 57.26 OK
r-devel-windows-ix86+x86_64 1.2 21.00 81.00 102.00 NOTE
r-patched-linux-x86_64 1.2 4.94 43.14 48.08 NOTE
r-patched-solaris-x86 1.2 87.20 OK
r-release-linux-x86_64 1.2 4.51 43.10 47.61 NOTE
r-release-osx-x86_64 1.2 OK
r-release-windows-ix86+x86_64 1.2 18.00 82.00 100.00 NOTE
r-oldrel-osx-x86_64 1.2 OK
r-oldrel-windows-ix86+x86_64 1.2 18.00 74.00 92.00 OK

Check Details

Version: 1.2
Check: package vignettes
Result: NOTE
    Package vignette with placeholder title 'Vignette Title':
     'nitrcbot.Rmd'
Flavors: r-devel-linux-x86_64-debian-clang, r-devel-linux-x86_64-debian-gcc, r-devel-windows-ix86+x86_64, r-patched-linux-x86_64, r-release-linux-x86_64, r-release-windows-ix86+x86_64