CRAN Package Check Results for Package nlpred

Last updated on 2020-04-05 23:47:35 CEST.

Flavor Version Tinstall Tcheck Ttotal Status Flags
r-devel-linux-x86_64-debian-clang 1.0.1 16.12 205.07 221.19 OK
r-devel-linux-x86_64-debian-gcc 1.0.1 0.36 2.54 2.90 ERROR
r-devel-linux-x86_64-fedora-clang 1.0.1 255.43 OK
r-devel-linux-x86_64-fedora-gcc 1.0.1 252.12 OK
r-devel-windows-ix86+x86_64 1.0.1 38.00 183.00 221.00 OK
r-devel-windows-ix86+x86_64-gcc8 1.0.1 31.00 200.00 231.00 OK
r-patched-linux-x86_64 1.0.1 13.93 196.98 210.91 OK
r-patched-solaris-x86 1.0.1 422.30 OK
r-release-linux-x86_64 1.0.1 12.58 179.34 191.92 OK
r-release-windows-ix86+x86_64 1.0.1 30.00 280.00 310.00 OK
r-release-osx-x86_64 1.0.1 OK
r-oldrel-windows-ix86+x86_64 1.0.1 19.00 201.00 220.00 OK
r-oldrel-osx-x86_64 1.0.1 OK

Check Details

Version: 1.0.1
Check: whether package can be installed
Result: ERROR
    Installation failed.
Flavor: r-devel-linux-x86_64-debian-gcc