CRAN Package Check Results for Package oro.dicom

Last updated on 2020-07-13 19:48:40 CEST.

Flavor Version Tinstall Tcheck Ttotal Status Flags
r-devel-linux-x86_64-debian-clang 0.5.3 4.08 51.37 55.45 OK
r-devel-linux-x86_64-debian-gcc 0.5.3 2.62 39.36 41.98 OK
r-devel-linux-x86_64-fedora-clang 0.5.3 73.95 OK
r-devel-linux-x86_64-fedora-gcc 0.5.3 67.67 OK
r-devel-windows-ix86+x86_64 0.5.3 7.00 95.00 102.00 OK
r-patched-linux-x86_64 0.5.3 4.44 50.72 55.16 OK
r-patched-solaris-x86 0.5.3 98.80 OK
r-release-linux-x86_64 0.5.3 3.91 50.35 54.26 OK
r-release-macos-x86_64 0.5.3 ERROR
r-release-windows-ix86+x86_64 0.5.3 12.00 63.00 75.00 OK
r-oldrel-macos-x86_64 0.5.3 OK
r-oldrel-windows-ix86+x86_64 0.5.3 10.00 71.00 81.00 OK

Check Details

Version: 0.5.3
Check: whether package can be installed
Result: ERROR
    Installation failed.
Flavor: r-release-macos-x86_64