CRAN Package Check Results for Package palr

Last updated on 2020-07-13 19:48:40 CEST.

Flavor Version Tinstall Tcheck Ttotal Status Flags
r-devel-linux-x86_64-debian-clang 0.2.0 2.44 35.23 37.67 OK
r-devel-linux-x86_64-debian-gcc 0.2.0 1.81 27.25 29.06 OK
r-devel-linux-x86_64-fedora-clang 0.2.0 53.89 OK
r-devel-linux-x86_64-fedora-gcc 0.2.0 46.59 OK
r-devel-windows-ix86+x86_64 0.2.0 9.00 51.00 60.00 OK
r-patched-linux-x86_64 0.2.0 2.20 33.64 35.84 OK
r-patched-solaris-x86 0.2.0 63.80 OK
r-release-linux-x86_64 0.2.0 2.11 34.22 36.33 OK
r-release-macos-x86_64 0.2.0 ERROR
r-release-windows-ix86+x86_64 0.2.0 11.00 67.00 78.00 OK
r-oldrel-macos-x86_64 0.2.0 OK
r-oldrel-windows-ix86+x86_64 0.2.0 6.00 47.00 53.00 OK

Check Details

Version: 0.2.0
Check: whether package can be installed
Result: ERROR
    Installation failed.
Flavor: r-release-macos-x86_64