CRAN Package Check Results for Package pamr

Last updated on 2019-11-20 15:49:02 CET.

Flavor Version Tinstall Tcheck Ttotal Status Flags
r-devel-linux-x86_64-debian-clang 1.56.1 9.30 67.41 76.71 OK
r-devel-linux-x86_64-debian-gcc 1.56.1 7.86 54.58 62.44 OK
r-devel-linux-x86_64-fedora-clang 1.56.1 89.50 NOTE
r-devel-linux-x86_64-fedora-gcc 1.56.1 99.46 NOTE
r-devel-windows-ix86+x86_64 1.56.1 24.00 135.00 159.00 OK
r-devel-windows-ix86+x86_64-gcc8 1.56.1 24.00 100.00 124.00 OK
r-patched-linux-x86_64 1.56.1 8.15 64.31 72.46 OK
r-patched-solaris-x86 1.56.1 132.30 OK
r-release-linux-x86_64 1.56.1 8.29 63.91 72.20 OK
r-release-windows-ix86+x86_64 1.56.1 27.00 141.00 168.00 OK
r-release-osx-x86_64 1.56.1 OK
r-oldrel-windows-ix86+x86_64 1.56.1 15.00 134.00 149.00 OK
r-oldrel-osx-x86_64 1.56.1 OK

Check Details

Version: 1.56.1
Check: compiled code
Result: NOTE
    File ‘pamr/libs/pamr.so’:
     Found no calls to: ‘R_registerRoutines’, ‘R_useDynamicSymbols’
    
    It is good practice to register native routines and to disable symbol
    search.
    
    See ‘Writing portable packages’ in the ‘Writing R Extensions’ manual.
Flavors: r-devel-linux-x86_64-fedora-clang, r-devel-linux-x86_64-fedora-gcc