CRAN Package Check Results for Package pedometrics

Last updated on 2020-04-05 23:47:37 CEST.

Flavor Version Tinstall Tcheck Ttotal Status Flags
r-devel-linux-x86_64-debian-clang 0.7.0 19.26 48.96 68.22 OK
r-devel-linux-x86_64-debian-gcc 0.7.0 0.35 2.06 2.41 ERROR
r-devel-linux-x86_64-fedora-clang 0.7.0 87.50 OK
r-devel-linux-x86_64-fedora-gcc 0.7.0 84.86 OK
r-devel-windows-ix86+x86_64 0.7.0 32.00 83.00 115.00 OK
r-devel-windows-ix86+x86_64-gcc8 0.7.0 34.00 88.00 122.00 OK
r-patched-linux-x86_64 0.7.0 15.66 47.02 62.68 OK
r-patched-solaris-x86 0.7.0 110.60 OK
r-release-linux-x86_64 0.7.0 14.22 44.62 58.84 OK
r-release-windows-ix86+x86_64 0.7.0 38.00 104.00 142.00 OK
r-release-osx-x86_64 0.7.0 NOTE
r-oldrel-windows-ix86+x86_64 0.7.0 50.00 84.00 134.00 OK
r-oldrel-osx-x86_64 0.7.0 NOTE

Check Details

Version: 0.7.0
Check: whether package can be installed
Result: ERROR
    Installation failed.
Flavor: r-devel-linux-x86_64-debian-gcc

Version: 0.7.0
Check: dependencies in R code
Result: NOTE
    No protocol specified
    No protocol specified
Flavors: r-release-osx-x86_64, r-oldrel-osx-x86_64