CRAN Package Check Results for Package penalizedSVM

Last updated on 2020-04-04 07:47:18 CEST.

Flavor Version Tinstall Tcheck Ttotal Status Flags
r-devel-linux-x86_64-debian-clang 1.1.2 7.42 39.32 46.74 OK
r-devel-linux-x86_64-debian-gcc 1.1.2 5.55 29.97 35.52 OK
r-devel-linux-x86_64-fedora-clang 1.1.2 54.20 NOTE
r-devel-linux-x86_64-fedora-gcc 1.1.2 53.92 NOTE
r-devel-windows-ix86+x86_64 1.1.2 13.00 46.00 59.00 OK
r-devel-windows-ix86+x86_64-gcc8 1.1.2 11.00 48.00 59.00 OK
r-patched-linux-x86_64 1.1.2 6.98 38.79 45.77 OK
r-patched-solaris-x86 1.1.2 76.50 NOTE
r-release-linux-x86_64 1.1.2 4.97 35.96 40.93 OK
r-release-windows-ix86+x86_64 1.1.2 9.00 47.00 56.00 OK
r-release-osx-x86_64 1.1.2 NOTE
r-oldrel-windows-ix86+x86_64 1.1.2 11.00 52.00 63.00 OK
r-oldrel-osx-x86_64 1.1.2 NOTE

Check Details

Version: 1.1.2
Check: dependencies in R code
Result: NOTE
    Namespace in Imports field not imported from: ‘lhs’
     All declared Imports should be used.
Flavors: r-devel-linux-x86_64-fedora-clang, r-devel-linux-x86_64-fedora-gcc, r-patched-solaris-x86, r-release-osx-x86_64, r-oldrel-osx-x86_64