CRAN Package Check Results for Package pid

Last updated on 2020-02-25 15:48:02 CET.

Flavor Version Tinstall Tcheck Ttotal Status Flags
r-devel-linux-x86_64-debian-clang 0.50 5.23 58.59 63.82 OK
r-devel-linux-x86_64-debian-gcc 0.50 4.37 45.58 49.95 OK
r-devel-linux-x86_64-fedora-clang 0.50 75.36 NOTE
r-devel-linux-x86_64-fedora-gcc 0.50 73.08 NOTE
r-devel-windows-ix86+x86_64 0.50 13.00 64.00 77.00 OK
r-devel-windows-ix86+x86_64-gcc8 0.50 14.00 76.00 90.00 OK
r-patched-linux-x86_64 0.50 3.83 52.20 56.03 OK
r-patched-solaris-x86 0.50 119.90 NOTE
r-release-linux-x86_64 0.50 4.19 52.33 56.52 OK
r-release-windows-ix86+x86_64 0.50 13.00 75.00 88.00 OK
r-release-osx-x86_64 0.50 NOTE
r-oldrel-windows-ix86+x86_64 0.50 8.00 69.00 77.00 OK
r-oldrel-osx-x86_64 0.50 NOTE

Check Details

Version: 0.50
Check: dependencies in R code
Result: NOTE
    Namespace in Imports field not imported from: ‘FrF2.catlg128’
     All declared Imports should be used.
Flavors: r-devel-linux-x86_64-fedora-clang, r-devel-linux-x86_64-fedora-gcc, r-patched-solaris-x86, r-release-osx-x86_64, r-oldrel-osx-x86_64