CRAN Package Check Results for Package pinochet

Last updated on 2020-03-30 23:51:42 CEST.

Flavor Version Tinstall Tcheck Ttotal Status Flags
r-devel-linux-x86_64-debian-clang 0.1.0 1.90 24.77 26.67 OK
r-devel-linux-x86_64-debian-gcc 0.1.0 1.62 19.94 21.56 OK
r-devel-linux-x86_64-fedora-clang 0.1.0 33.58 NOTE
r-devel-linux-x86_64-fedora-gcc 0.1.0 32.47 NOTE
r-devel-windows-ix86+x86_64 0.1.0 7.00 37.00 44.00 OK
r-devel-windows-ix86+x86_64-gcc8 0.1.0 5.00 36.00 41.00 OK
r-patched-linux-x86_64 0.1.0 1.77 24.14 25.91 OK
r-patched-solaris-x86 0.1.0 54.00 NOTE
r-release-linux-x86_64 0.1.0 1.58 22.54 24.12 OK
r-release-windows-ix86+x86_64 0.1.0 18.00 56.00 74.00 OK
r-release-osx-x86_64 0.1.0 NOTE
r-oldrel-windows-ix86+x86_64 0.1.0 5.00 51.00 56.00 OK
r-oldrel-osx-x86_64 0.1.0 NOTE

Check Details

Version: 0.1.0
Check: data for non-ASCII characters
Result: NOTE
     Note: found 2048 marked UTF-8 strings
Flavors: r-devel-linux-x86_64-fedora-clang, r-devel-linux-x86_64-fedora-gcc, r-patched-solaris-x86, r-release-osx-x86_64, r-oldrel-osx-x86_64