CRAN Package Check Results for Package pkgload

Last updated on 2020-07-14 03:47:59 CEST.

Flavor Version Tinstall Tcheck Ttotal Status Flags
r-devel-linux-x86_64-debian-clang 1.1.0 5.70 112.53 118.23 OK
r-devel-linux-x86_64-debian-gcc 1.1.0 4.54 81.43 85.97 OK
r-devel-linux-x86_64-fedora-clang 1.1.0 150.13 OK
r-devel-linux-x86_64-fedora-gcc 1.1.0 273.09 OK
r-devel-windows-ix86+x86_64 1.1.0 13.00 298.00 311.00 OK
r-patched-linux-x86_64 1.1.0 5.45 102.45 107.90 OK
r-patched-solaris-x86 1.1.0 193.60 OK
r-release-linux-x86_64 1.1.0 6.16 103.66 109.82 OK
r-release-macos-x86_64 1.1.0 ERROR
r-release-windows-ix86+x86_64 1.1.0 23.00 214.00 237.00 OK
r-oldrel-macos-x86_64 1.1.0 OK
r-oldrel-windows-ix86+x86_64 1.1.0 15.00 319.00 334.00 OK

Check Details

Version: 1.1.0
Check: whether package can be installed
Result: ERROR
    Installation failed.
Flavor: r-release-macos-x86_64