CRAN Package Check Results for Package pkgmaker

Last updated on 2020-04-05 07:48:27 CEST.

Flavor Version Tinstall Tcheck Ttotal Status Flags
r-devel-linux-x86_64-debian-clang 0.31.1 10.74 56.97 67.71 OK
r-devel-linux-x86_64-debian-gcc 0.31.1 8.91 44.27 53.18 OK
r-devel-linux-x86_64-fedora-clang 0.31.1 80.10 NOTE
r-devel-linux-x86_64-fedora-gcc 0.31.1 81.14 NOTE
r-devel-windows-ix86+x86_64 0.31.1 22.00 103.00 125.00 OK
r-devel-windows-ix86+x86_64-gcc8 0.31.1 15.00 72.00 87.00 OK
r-patched-linux-x86_64 0.31.1 10.45 56.82 67.27 OK
r-patched-solaris-x86 0.31.1 123.10 NOTE
r-release-linux-x86_64 0.31.1 8.88 52.38 61.26 OK
r-release-windows-ix86+x86_64 0.31.1 16.00 106.00 122.00 OK
r-release-osx-x86_64 0.31.1 NOTE
r-oldrel-windows-ix86+x86_64 0.31.1 20.00 94.00 114.00 OK
r-oldrel-osx-x86_64 0.31.1 NOTE

Check Details

Version: 0.31.1
Check: dependencies in R code
Result: NOTE
    Namespaces in Imports field not imported from:
     ‘magrittr’ ‘stringi’
     All declared Imports should be used.
Flavors: r-devel-linux-x86_64-fedora-clang, r-devel-linux-x86_64-fedora-gcc, r-patched-solaris-x86, r-release-osx-x86_64, r-oldrel-osx-x86_64