CRAN Package Check Results for Package plsRcox

Last updated on 2020-07-13 23:49:45 CEST.

Flavor Version Tinstall Tcheck Ttotal Status Flags
r-devel-linux-x86_64-debian-clang 1.7.4 33.96 225.79 259.75 OK
r-devel-linux-x86_64-debian-gcc 1.7.4 23.75 168.94 192.69 OK
r-devel-linux-x86_64-fedora-clang 1.7.4 311.08 OK
r-devel-linux-x86_64-fedora-gcc 1.7.4 311.81 OK
r-devel-windows-ix86+x86_64 1.7.4 66.00 310.00 376.00 OK
r-patched-linux-x86_64 1.7.4 31.51 219.55 251.06 OK
r-patched-solaris-x86 1.7.4 419.30 OK
r-release-linux-x86_64 1.7.4 28.31 221.88 250.19 OK
r-release-macos-x86_64 1.7.4 ERROR
r-release-windows-ix86+x86_64 1.7.4 94.00 231.00 325.00 OK
r-oldrel-macos-x86_64 1.7.4 OK
r-oldrel-windows-ix86+x86_64 1.7.4 49.00 216.00 265.00 OK

Check Details

Version: 1.7.4
Check: whether package can be installed
Result: ERROR
    Installation failed.
Flavor: r-release-macos-x86_64