CRAN Package Check Results for Package poliscidata

Last updated on 2020-06-06 03:48:35 CEST.

Flavor Version Tinstall Tcheck Ttotal Status Flags
r-devel-linux-x86_64-debian-clang 2.2.3 18.89 118.41 137.30 NOTE
r-devel-linux-x86_64-debian-gcc 2.2.3 15.25 89.49 104.74 NOTE
r-devel-linux-x86_64-fedora-clang 2.2.3 170.84 NOTE
r-devel-linux-x86_64-fedora-gcc 2.2.3 157.67 NOTE
r-devel-windows-ix86+x86_64 2.2.3 68.00 186.00 254.00 OK
r-patched-linux-x86_64 2.2.3 13.13 114.11 127.24 NOTE
r-patched-solaris-x86 2.2.3 255.40 NOTE
r-release-linux-x86_64 2.2.3 13.18 121.68 134.86 NOTE
r-release-osx-x86_64 2.2.3 OK
r-release-windows-ix86+x86_64 2.2.3 60.00 197.00 257.00 OK
r-oldrel-osx-x86_64 2.2.3 OK
r-oldrel-windows-ix86+x86_64 2.2.3 53.00 122.00 175.00 OK

Check Details

Version: 2.2.3
Check: for non-standard things in the check directory
Result: NOTE
    Found the following files/directories:
     'Table.Output.html'
Flavors: r-devel-linux-x86_64-debian-clang, r-devel-linux-x86_64-debian-gcc, r-devel-linux-x86_64-fedora-clang, r-devel-linux-x86_64-fedora-gcc, r-patched-linux-x86_64, r-patched-solaris-x86, r-release-linux-x86_64