CRAN Package Check Results for Package portfolioBacktest

Last updated on 2020-07-14 03:47:59 CEST.

Flavor Version Tinstall Tcheck Ttotal Status Flags
r-devel-linux-x86_64-debian-clang 0.2.1 7.17 149.14 156.31 OK
r-devel-linux-x86_64-debian-gcc 0.2.1 6.30 107.21 113.51 OK
r-devel-linux-x86_64-fedora-clang 0.2.1 185.91 OK
r-devel-linux-x86_64-fedora-gcc 0.2.1 184.03 OK
r-devel-windows-ix86+x86_64 0.2.1 20.00 240.00 260.00 OK
r-patched-linux-x86_64 0.2.1 7.08 141.25 148.33 OK
r-patched-solaris-x86 0.2.1 275.40 OK
r-release-linux-x86_64 0.2.1 7.29 141.69 148.98 OK
r-release-macos-x86_64 0.2.1 ERROR
r-release-windows-ix86+x86_64 0.2.1 27.00 235.00 262.00 OK
r-oldrel-macos-x86_64 0.2.1 OK
r-oldrel-windows-ix86+x86_64 0.2.1 22.00 222.00 244.00 OK

Check Details

Version: 0.2.1
Check: whether package can be installed
Result: ERROR
    Installation failed.
Flavor: r-release-macos-x86_64