CRAN Package Check Results for Package povcalnetR

Last updated on 2020-06-02 15:49:06 CEST.

Flavor Version Tinstall Tcheck Ttotal Status Flags
r-devel-linux-x86_64-debian-clang 0.1.1 2.60 33.47 36.07 OK
r-devel-linux-x86_64-debian-gcc 0.1.1 2.14 26.75 28.89 OK
r-devel-linux-x86_64-fedora-clang 0.1.1 53.63 NOTE
r-devel-linux-x86_64-fedora-gcc 0.1.1 43.35 NOTE
r-devel-windows-ix86+x86_64 0.1.1 13.00 60.00 73.00 OK
r-patched-linux-x86_64 0.1.1 2.79 33.33 36.12 OK
r-patched-solaris-x86 0.1.1 62.20 NOTE
r-release-linux-x86_64 0.1.1 2.83 34.66 37.49 OK
r-release-osx-x86_64 0.1.1 NOTE
r-release-windows-ix86+x86_64 0.1.1 9.00 47.00 56.00 OK
r-oldrel-osx-x86_64 0.1.1 NOTE
r-oldrel-windows-ix86+x86_64 0.1.1 6.00 47.00 53.00 OK

Check Details

Version: 0.1.1
Check: dependencies in R code
Result: NOTE
    Namespace in Imports field not imported from: ‘memoise’
     All declared Imports should be used.
Flavors: r-devel-linux-x86_64-fedora-clang, r-devel-linux-x86_64-fedora-gcc, r-patched-solaris-x86, r-release-osx-x86_64, r-oldrel-osx-x86_64