CRAN Package Check Results for Package prettyR

Last updated on 2020-03-29 19:48:40 CEST.

Flavor Version Tinstall Tcheck Ttotal Status Flags
r-devel-linux-x86_64-debian-clang 2.2-3 NOTE
r-devel-linux-x86_64-debian-gcc 2.2-3 2.49 20.95 23.44 NOTE
r-devel-linux-x86_64-fedora-clang 2.2-3 36.98 NOTE
r-devel-linux-x86_64-fedora-gcc 2.2-3 35.02 NOTE
r-devel-windows-ix86+x86_64 2.2-3 7.00 53.00 60.00 OK
r-devel-windows-ix86+x86_64-gcc8 2.2-3 8.00 38.00 46.00 OK
r-patched-linux-x86_64 2.2-3 3.12 25.79 28.91 NOTE
r-patched-solaris-x86 2.2-3 53.70 NOTE
r-release-linux-x86_64 2.2-3 2.77 24.48 27.25 OK
r-release-windows-ix86+x86_64 2.2-3 8.00 173.00 181.00 OK
r-release-osx-x86_64 2.2-3 OK
r-oldrel-windows-ix86+x86_64 2.2-3 4.00 32.00 36.00 OK
r-oldrel-osx-x86_64 2.2-3 OK

Check Details

Version: 2.2-3
Check: for non-standard things in the check directory
Result: NOTE
    Found the following files/directories:
     'hista.png' 'plotcd.png' 'test.R' 'test.html' 'testR2html.R'
     'testglm.csv' 'testglm.html' 'testglm.tab'
Flavors: r-devel-linux-x86_64-debian-clang, r-devel-linux-x86_64-debian-gcc, r-devel-linux-x86_64-fedora-clang, r-devel-linux-x86_64-fedora-gcc, r-patched-linux-x86_64, r-patched-solaris-x86