CRAN Package Check Results for Package prim

Last updated on 2020-04-04 03:51:29 CEST.

Flavor Version Tinstall Tcheck Ttotal Status Flags
r-devel-linux-x86_64-debian-clang 1.0.17 5.67 66.62 72.29 OK
r-devel-linux-x86_64-debian-gcc 1.0.17 4.89 54.09 58.98 OK
r-devel-linux-x86_64-fedora-clang 1.0.17 92.20 OK
r-devel-linux-x86_64-fedora-gcc 1.0.17 90.99 OK
r-devel-windows-ix86+x86_64 1.0.17 17.00 71.00 88.00 OK
r-devel-windows-ix86+x86_64-gcc8 1.0.17 14.00 81.00 95.00 OK
r-patched-linux-x86_64 1.0.17 5.52 68.42 73.94 OK
r-patched-solaris-x86 1.0.17 142.30 OK
r-release-linux-x86_64 1.0.17 5.54 63.58 69.12 OK
r-release-windows-ix86+x86_64 1.0.17 11.00 92.00 103.00 OK
r-release-osx-x86_64 1.0.17 WARN
r-oldrel-windows-ix86+x86_64 1.0.17 6.00 76.00 82.00 OK
r-oldrel-osx-x86_64 1.0.17 WARN

Check Details

Version: 1.0.17
Check: whether package can be installed
Result: WARN
    Found the following significant warnings:
     Warning: 'rgl.init' failed, running with 'rgl.useNULL = TRUE'.
Flavors: r-release-osx-x86_64, r-oldrel-osx-x86_64

Version: 1.0.17
Check: dependencies in R code
Result: NOTE
    No protocol specified
    No protocol specified
Flavors: r-release-osx-x86_64, r-oldrel-osx-x86_64

Version: 1.0.17
Check: S3 generic/method consistency
Result: WARN
    No protocol specified
    No protocol specified
    See section ‘Generic functions and methods’ in the ‘Writing R
    Extensions’ manual.
Flavors: r-release-osx-x86_64, r-oldrel-osx-x86_64

Version: 1.0.17
Check: replacement functions
Result: WARN
    No protocol specified
    No protocol specified
    The argument of a replacement function which corresponds to the right
    hand side must be named ‘value’.
Flavors: r-release-osx-x86_64, r-oldrel-osx-x86_64

Version: 1.0.17
Check: foreign function calls
Result: NOTE
    No protocol specified
    No protocol specified
    See chapter ‘System and foreign language interfaces’ in the ‘Writing R
    Extensions’ manual.
Flavors: r-release-osx-x86_64, r-oldrel-osx-x86_64

Version: 1.0.17
Check: R code for possible problems
Result: NOTE
    No protocol specified
    No protocol specified
Flavors: r-release-osx-x86_64, r-oldrel-osx-x86_64

Version: 1.0.17
Check: for missing documentation entries
Result: WARN
    No protocol specified
    No protocol specified
    All user-level objects in a package should have documentation entries.
    See chapter ‘Writing R documentation files’ in the ‘Writing R
    Extensions’ manual.
Flavors: r-release-osx-x86_64, r-oldrel-osx-x86_64

Version: 1.0.17
Check: for code/documentation mismatches
Result: WARN
    No protocol specified
    No protocol specified
    No protocol specified
    No protocol specified
    No protocol specified
    No protocol specified
Flavors: r-release-osx-x86_64, r-oldrel-osx-x86_64

Version: 1.0.17
Check: Rd \usage sections
Result: NOTE
    No protocol specified
    No protocol specified
    The \usage entries for S3 methods should use the \method markup and not
    their full name.
    See chapter ‘Writing R documentation files’ in the ‘Writing R
    Extensions’ manual.
Flavors: r-release-osx-x86_64, r-oldrel-osx-x86_64