CRAN Package Check Results for Package qrmtools

Last updated on 2020-07-13 23:49:46 CEST.

Flavor Version Tinstall Tcheck Ttotal Status Flags
r-devel-linux-x86_64-debian-clang 0.0-13 14.47 198.26 212.73 OK
r-devel-linux-x86_64-debian-gcc 0.0-13 10.71 149.71 160.42 OK
r-devel-linux-x86_64-fedora-clang 0.0-13 253.74 OK
r-devel-linux-x86_64-fedora-gcc 0.0-13 269.41 OK
r-devel-windows-ix86+x86_64 0.0-13 28.00 354.00 382.00 OK
r-patched-linux-x86_64 0.0-13 13.99 193.73 207.72 OK
r-patched-solaris-x86 0.0-13 375.70 OK
r-release-linux-x86_64 0.0-13 12.81 192.86 205.67 OK
r-release-macos-x86_64 0.0-13 ERROR
r-release-windows-ix86+x86_64 0.0-13 45.00 266.00 311.00 OK
r-oldrel-macos-x86_64 0.0-13 OK
r-oldrel-windows-ix86+x86_64 0.0-13 34.00 246.00 280.00 OK

Check Details

Version: 0.0-13
Check: whether package can be installed
Result: ERROR
    Installation failed.
Flavor: r-release-macos-x86_64