CRAN Package Check Results for Package quantmod

Last updated on 2020-06-03 23:50:36 CEST.

Flavor Version Tinstall Tcheck Ttotal Status Flags
r-devel-linux-x86_64-debian-clang 0.4.17 17.74 82.89 100.63 NOTE
r-devel-linux-x86_64-debian-gcc 0.4.17 14.02 63.65 77.67 NOTE
r-devel-linux-x86_64-fedora-clang 0.4.17 127.56 OK
r-devel-linux-x86_64-fedora-gcc 0.4.17 123.38 OK
r-devel-windows-ix86+x86_64 0.4.17 33.00 137.00 170.00 OK
r-patched-linux-x86_64 0.4.17 19.12 83.59 102.71 NOTE
r-patched-solaris-x86 0.4.17 149.10 OK
r-release-linux-x86_64 0.4.17 17.60 84.76 102.36 NOTE
r-release-osx-x86_64 0.4.17 OK
r-release-windows-ix86+x86_64 0.4.17 27.00 124.00 151.00 OK
r-oldrel-osx-x86_64 0.4.17 OK
r-oldrel-windows-ix86+x86_64 0.4.17 31.00 94.00 125.00 OK

Check Details

Version: 0.4.17
Check: R code for possible problems
Result: NOTE
    Found the following calls to attach():
    File 'quantmod/R/attachSymbols.R':
     attach(NULL, pos = pos, name = DB$name)
     attach(NULL, pos = pos, name = DB$name)
    See section 'Good practice' in '?attach'.
Flavors: r-devel-linux-x86_64-debian-clang, r-devel-linux-x86_64-debian-gcc, r-patched-linux-x86_64, r-release-linux-x86_64