CRAN Package Check Results for Package ranger

Last updated on 2019-11-21 23:48:49 CET.

Flavor Version Tinstall Tcheck Ttotal Status Flags
r-devel-linux-x86_64-debian-clang 0.11.2 98.97 100.81 199.78 OK
r-devel-linux-x86_64-debian-gcc 0.11.2 76.24 81.01 157.25 OK
r-devel-linux-x86_64-fedora-clang 0.11.2 269.58 NOTE
r-devel-linux-x86_64-fedora-gcc 0.11.2 273.31 OK
r-devel-windows-ix86+x86_64 0.11.2 242.00 195.00 437.00 OK
r-devel-windows-ix86+x86_64-gcc8 0.11.2 178.00 156.00 334.00 OK
r-patched-linux-x86_64 0.11.2 84.18 97.17 181.35 OK
r-patched-solaris-x86 0.11.2 591.00 OK
r-release-linux-x86_64 0.11.2 84.06 97.42 181.48 OK
r-release-windows-ix86+x86_64 0.11.2 269.00 202.00 471.00 OK
r-release-osx-x86_64 0.11.2 NOTE
r-oldrel-windows-ix86+x86_64 0.11.2 180.00 137.00 317.00 OK
r-oldrel-osx-x86_64 0.11.2 NOTE

Check Details

Version: 0.11.2
Check: installed package size
Result: NOTE
     installed size is 7.9Mb
     sub-directories of 1Mb or more:
     libs 7.7Mb
Flavors: r-devel-linux-x86_64-fedora-clang, r-release-osx-x86_64, r-oldrel-osx-x86_64