CRAN Package Check Results for Package rcmdcheck

Last updated on 2020-07-13 23:49:47 CEST.

Flavor Version Tinstall Tcheck Ttotal Status Flags
r-devel-linux-x86_64-debian-clang 1.3.3 5.44 32.79 38.23 OK
r-devel-linux-x86_64-debian-gcc 1.3.3 4.15 25.90 30.05 OK
r-devel-linux-x86_64-fedora-clang 1.3.3 57.17 NOTE
r-devel-linux-x86_64-fedora-gcc 1.3.3 47.48 OK
r-devel-windows-ix86+x86_64 1.3.3 9.00 70.00 79.00 OK
r-patched-linux-x86_64 1.3.3 6.04 32.94 38.98 OK
r-patched-solaris-x86 1.3.3 67.30 OK
r-release-linux-x86_64 1.3.3 5.84 33.09 38.93 OK
r-release-macos-x86_64 1.3.3 ERROR
r-release-windows-ix86+x86_64 1.3.3 15.00 44.00 59.00 OK
r-oldrel-macos-x86_64 1.3.3 OK
r-oldrel-windows-ix86+x86_64 1.3.3 12.00 44.00 56.00 OK

Check Details

Version: 1.3.3
Check: Rd cross-references
Result: NOTE
    Undeclared package ‘processx’ in Rd xrefs
Flavor: r-devel-linux-x86_64-fedora-clang

Version: 1.3.3
Check: whether package can be installed
Result: ERROR
    Installation failed.
Flavor: r-release-macos-x86_64