CRAN Package Check Results for Package rdflib

Last updated on 2020-06-06 19:48:31 CEST.

Flavor Version Tinstall Tcheck Ttotal Status Flags
r-devel-linux-x86_64-debian-clang 0.2.3 8.25 82.08 90.33 OK
r-devel-linux-x86_64-debian-gcc 0.2.3 7.04 61.87 68.91 OK
r-devel-linux-x86_64-fedora-clang 0.2.3 94.63 OK
r-devel-linux-x86_64-fedora-gcc 0.2.3 83.66 OK
r-devel-windows-ix86+x86_64 0.2.3 29.00 134.00 163.00 OK
r-patched-linux-x86_64 0.2.3 9.12 80.10 89.22 OK
r-patched-solaris-x86 0.2.3 126.80 WARN
r-release-linux-x86_64 0.2.3 8.43 79.77 88.20 OK
r-release-osx-x86_64 0.2.3 OK
r-release-windows-ix86+x86_64 0.2.3 30.00 120.00 150.00 OK
r-oldrel-osx-x86_64 0.2.3 WARN
r-oldrel-windows-ix86+x86_64 0.2.3 23.00 84.00 107.00 OK

Check Details

Version: 0.2.3
Check: re-building of vignette outputs
Result: WARN
    Error(s) in re-building vignettes:
     ...
    --- re-building ‘rdf_intro.Rmd’ using rmarkdown
    Warning in engine$weave(file, quiet = quiet, encoding = enc) :
     Pandoc (>= 1.12.3) and/or pandoc-citeproc not available. Falling back to R Markdown v1.
    
    Attaching package: 'dplyr'
    
    The following objects are masked from 'package:stats':
    
     filter, lag
    
    The following objects are masked from 'package:base':
    
     intersect, setdiff, setequal, union
    
    Quitting from lines 41-42 (rdf_intro.Rmd)
    Error: processing vignette 'rdf_intro.Rmd' failed with diagnostics:
    there is no package called 'webshot'
    --- failed re-building ‘rdf_intro.Rmd’
    
    SUMMARY: processing the following file failed:
     ‘rdf_intro.Rmd’
    
    Error: Vignette re-building failed.
    Execution halted
Flavor: r-patched-solaris-x86

Version: 0.2.3
Check: re-building of vignette outputs
Result: WARN
    Error(s) in re-building vignettes:
     ...
    --- re-building ‘rdf_intro.Rmd’ using rmarkdown
    Warning in engine$weave(file, quiet = quiet, encoding = enc) :
     Pandoc (>= 1.12.3) and/or pandoc-citeproc not available. Falling back to R Markdown v1.
    
    Attaching package: 'dplyr'
    
    The following objects are masked from 'package:stats':
    
     filter, lag
    
    The following objects are masked from 'package:base':
    
     intersect, setdiff, setequal, union
    
    Quitting from lines 41-42 (rdf_intro.Rmd)
    Error: processing vignette 'rdf_intro.Rmd' failed with diagnostics:
    cannot open the connection
    --- failed re-building ‘rdf_intro.Rmd’
    
    SUMMARY: processing the following file failed:
     ‘rdf_intro.Rmd’
    
    Error: Vignette re-building failed.
    Execution halted
Flavor: r-oldrel-osx-x86_64