CRAN Package Check Results for Package rdrop2

Last updated on 2020-06-06 23:47:16 CEST.

Flavor Version Tinstall Tcheck Ttotal Status Flags
r-devel-linux-x86_64-debian-clang 0.8.1 2.93 24.55 27.48 OK
r-devel-linux-x86_64-debian-gcc 0.8.1 2.26 19.30 21.56 OK
r-devel-linux-x86_64-fedora-clang 0.8.1 44.09 NOTE
r-devel-linux-x86_64-fedora-gcc 0.8.1 32.31 NOTE
r-devel-windows-ix86+x86_64 0.8.1 14.00 53.00 67.00 OK
r-patched-linux-x86_64 0.8.1 2.22 24.62 26.84 OK
r-patched-solaris-x86 0.8.1 50.10 NOTE
r-release-linux-x86_64 0.8.1 2.72 24.39 27.11 OK
r-release-osx-x86_64 0.8.1 NOTE
r-release-windows-ix86+x86_64 0.8.1 15.00 53.00 68.00 OK
r-oldrel-osx-x86_64 0.8.1 NOTE
r-oldrel-windows-ix86+x86_64 0.8.1 8.00 35.00 43.00 OK

Check Details

Version: 0.8.1
Check: dependencies in R code
Result: NOTE
    Namespace in Imports field not imported from: ‘digest’
     All declared Imports should be used.
Flavors: r-devel-linux-x86_64-fedora-clang, r-devel-linux-x86_64-fedora-gcc, r-patched-solaris-x86, r-release-osx-x86_64, r-oldrel-osx-x86_64