CRAN Package Check Results for Package readxl

Last updated on 2020-02-21 15:47:53 CET.

Flavor Version Tinstall Tcheck Ttotal Status Flags
r-devel-linux-x86_64-debian-clang 1.3.1 65.58 42.69 108.27 OK
r-devel-linux-x86_64-debian-gcc 1.3.1 43.93 33.27 77.20 OK
r-devel-linux-x86_64-fedora-clang 1.3.1 144.06 NOTE
r-devel-linux-x86_64-fedora-gcc 1.3.1 138.92 OK
r-devel-windows-ix86+x86_64 1.3.1 113.00 102.00 215.00 OK
r-devel-windows-ix86+x86_64-gcc8 1.3.1 164.00 105.00 269.00 OK
r-patched-linux-x86_64 1.3.1 55.99 38.15 94.14 OK
r-patched-solaris-x86 1.3.1 133.70 OK
r-release-linux-x86_64 1.3.1 52.70 38.38 91.08 OK
r-release-windows-ix86+x86_64 1.3.1 128.00 92.00 220.00 OK
r-release-osx-x86_64 1.3.1 OK
r-oldrel-windows-ix86+x86_64 1.3.1 98.00 90.00 188.00 OK
r-oldrel-osx-x86_64 1.3.1 OK

Check Details

Version: 1.3.1
Check: installed package size
Result: NOTE
     installed size is 5.3Mb
     sub-directories of 1Mb or more:
     libs 3.9Mb
Flavor: r-devel-linux-x86_64-fedora-clang