CRAN Package Check Results for Package rje

Last updated on 2020-07-10 07:50:47 CEST.

Flavor Version Tinstall Tcheck Ttotal Status Flags
r-devel-linux-x86_64-debian-clang 1.10.16 4.77 36.55 41.32 OK
r-devel-linux-x86_64-debian-gcc 1.10.16 3.63 29.11 32.74 OK
r-devel-linux-x86_64-fedora-clang 1.10.16 58.52 NOTE
r-devel-linux-x86_64-fedora-gcc 1.10.16 49.70 NOTE
r-devel-windows-ix86+x86_64 1.10.16 11.00 64.00 75.00 OK
r-patched-linux-x86_64 1.10.16 4.86 36.66 41.52 OK
r-patched-solaris-x86 1.10.16 72.10 NOTE
r-release-linux-x86_64 1.10.16 4.60 37.20 41.80 OK
r-release-osx-x86_64 1.10.16 NOTE
r-release-windows-ix86+x86_64 1.10.16 12.00 89.00 101.00 OK
r-oldrel-osx-x86_64 1.10.16 NOTE
r-oldrel-windows-ix86+x86_64 1.10.16 12.00 62.00 74.00 OK

Check Details

Version: 1.10.16
Check: dependencies in R code
Result: NOTE
    Namespace in Imports field not imported from: ‘knitr’
     All declared Imports should be used.
Flavors: r-devel-linux-x86_64-fedora-clang, r-devel-linux-x86_64-fedora-gcc, r-patched-solaris-x86, r-release-osx-x86_64, r-oldrel-osx-x86_64