CRAN Package Check Results for Package rnaturalearthdata

Last updated on 2020-05-29 23:51:32 CEST.

Flavor Version Tinstall Tcheck Ttotal Status Flags
r-devel-linux-x86_64-debian-clang 0.1.0 8.67 29.27 37.94 OK
r-devel-linux-x86_64-debian-gcc 0.1.0 7.60 23.46 31.06 OK
r-devel-linux-x86_64-fedora-clang 0.1.0 46.98 NOTE
r-devel-linux-x86_64-fedora-gcc 0.1.0 45.92 NOTE
r-devel-windows-ix86+x86_64 0.1.0 17.00 96.00 113.00 OK
r-patched-linux-x86_64 0.1.0 8.24 29.40 37.64 OK
r-patched-solaris-x86 0.1.0 75.10 NOTE
r-release-linux-x86_64 0.1.0 8.84 29.61 38.45 OK
r-release-osx-x86_64 0.1.0 NOTE
r-release-windows-ix86+x86_64 0.1.0 12.00 97.00 109.00 OK
r-oldrel-osx-x86_64 0.1.0 NOTE
r-oldrel-windows-ix86+x86_64 0.1.0 19.00 41.00 60.00 OK

Check Details

Version: 0.1.0
Check: data for non-ASCII characters
Result: NOTE
     Note: found 133 marked Latin-1 strings
Flavors: r-devel-linux-x86_64-fedora-clang, r-devel-linux-x86_64-fedora-gcc, r-patched-solaris-x86, r-release-osx-x86_64, r-oldrel-osx-x86_64