CRAN Package Check Results for Package rscala

Last updated on 2020-06-02 15:49:09 CEST.

Flavor Version Tinstall Tcheck Ttotal Status Flags
r-devel-linux-x86_64-debian-clang 3.2.19 19.96 140.50 160.46 OK
r-devel-linux-x86_64-debian-gcc 3.2.19 17.92 110.08 128.00 OK
r-devel-linux-x86_64-fedora-clang 3.2.19 195.79 OK
r-devel-linux-x86_64-fedora-gcc 3.2.19 188.78 OK
r-devel-windows-ix86+x86_64 3.2.19 20.00 93.00 113.00 OK
r-patched-linux-x86_64 3.2.19 20.80 143.10 163.90 OK
r-release-linux-x86_64 3.2.19 21.22 144.34 165.56 OK
r-release-osx-x86_64 3.2.19 NOTE
r-release-windows-ix86+x86_64 3.2.19 19.00 70.00 89.00 OK
r-oldrel-osx-x86_64 3.2.19 NOTE
r-oldrel-windows-ix86+x86_64 3.2.19 20.00 55.00 75.00 OK

Check Details

Version: 3.2.19
Check: installed package size
Result: NOTE
     installed size is 21.4Mb
     sub-directories of 1Mb or more:
     dependencies 20.2Mb
Flavors: r-release-osx-x86_64, r-oldrel-osx-x86_64