CRAN Package Check Results for Package rsconnect

Last updated on 2020-06-06 19:48:32 CEST.

Flavor Version Tinstall Tcheck Ttotal Status Flags
r-devel-linux-x86_64-debian-clang 0.8.16 7.28 43.76 51.04 OK
r-devel-linux-x86_64-debian-gcc 0.8.16 5.90 34.38 40.28 OK
r-devel-linux-x86_64-fedora-clang 0.8.16 70.54 OK
r-devel-linux-x86_64-fedora-gcc 0.8.16 62.65 OK
r-devel-windows-ix86+x86_64 0.8.16 12.00 71.00 83.00 OK
r-patched-linux-x86_64 0.8.16 8.03 44.61 52.64 OK
r-patched-solaris-x86 0.8.16 80.20 OK
r-release-linux-x86_64 0.8.16 7.13 44.53 51.66 OK
r-release-osx-x86_64 0.8.16 OK
r-release-windows-ix86+x86_64 0.8.16 16.00 78.00 94.00 OK
r-oldrel-osx-x86_64 0.8.16 ERROR
r-oldrel-windows-ix86+x86_64 0.8.16 13.00 51.00 64.00 OK

Check Details

Version: 0.8.16
Check: tests
Result: ERROR
     Running ‘testthat.R’ [4s/5s]
    Running the tests in ‘tests/testthat.R’ failed.
    Last 13 lines of output:
     > library(testthat)
     > library(rsconnect)
     >
     > test_check("rsconnect")
     ── 1. Failure: linter warns about absolute paths and relative paths (@test-lint.
     as.numeric(absPathLintedIndices) not identical to 15.
     Lengths differ: 0 is not 1
    
     ══ testthat results ═══════════════════════════════════════════════════════════
     [ OK: 257 | SKIPPED: 25 | WARNINGS: 1 | FAILED: 1 ]
     1. Failure: linter warns about absolute paths and relative paths (@test-lint.R#18)
    
     Error: testthat unit tests failed
     Execution halted
Flavor: r-oldrel-osx-x86_64