CRAN Package Check Results for Package rsinaica

Last updated on 2020-06-06 15:48:34 CEST.

Flavor Version Tinstall Tcheck Ttotal Status Flags
r-devel-linux-x86_64-debian-clang 0.6.1 5.61 47.08 52.69 OK
r-devel-linux-x86_64-debian-gcc 0.6.1 4.76 35.97 40.73 OK
r-devel-linux-x86_64-fedora-clang 0.6.1 77.19 NOTE
r-devel-linux-x86_64-fedora-gcc 0.6.1 62.56 NOTE
r-devel-windows-ix86+x86_64 0.6.1 25.00 84.00 109.00 OK
r-patched-linux-x86_64 0.6.1 6.07 45.60 51.67 OK
r-patched-solaris-x86 0.6.1 94.20 NOTE
r-release-linux-x86_64 0.6.1 5.21 45.76 50.97 OK
r-release-osx-x86_64 0.6.1 NOTE
r-release-windows-ix86+x86_64 0.6.1 24.00 89.00 113.00 OK
r-oldrel-osx-x86_64 0.6.1 NOTE
r-oldrel-windows-ix86+x86_64 0.6.1 20.00 57.00 77.00 OK

Check Details

Version: 0.6.1
Check: data for non-ASCII characters
Result: NOTE
     Note: found 467 marked UTF-8 strings
Flavors: r-devel-linux-x86_64-fedora-clang, r-devel-linux-x86_64-fedora-gcc, r-patched-solaris-x86, r-release-osx-x86_64, r-oldrel-osx-x86_64