CRAN Package Check Results for Package rstan

Last updated on 2020-02-29 07:50:27 CET.

Flavor Version Tinstall Tcheck Ttotal Status Flags
r-devel-linux-x86_64-debian-clang 2.19.3 657.81 744.18 1401.99 NOTE
r-devel-linux-x86_64-debian-gcc 2.19.3 624.73 599.84 1224.57 NOTE
r-devel-linux-x86_64-fedora-clang 2.19.3 1858.73 NOTE
r-devel-linux-x86_64-fedora-gcc 2.19.3 2152.53 NOTE
r-devel-windows-ix86+x86_64 2.19.3 1780.00 701.00 2481.00 NOTE
r-devel-windows-ix86+x86_64-gcc8 2.19.3 1262.00 685.00 1947.00 NOTE
r-patched-linux-x86_64 2.19.3 686.54 726.66 1413.20 NOTE
r-patched-solaris-x86 2.19.3 1698.60 NOTE
r-release-linux-x86_64 2.19.3 717.51 724.62 1442.13 NOTE
r-release-windows-ix86+x86_64 2.19.3 1336.00 666.00 2002.00 NOTE
r-release-osx-x86_64 2.19.3 NOTE
r-oldrel-windows-ix86+x86_64 2.19.3 1231.00 573.00 1804.00 NOTE
r-oldrel-osx-x86_64 2.19.3 NOTE

Check Details

Version: 2.19.3
Check: for GNU extensions in Makefiles
Result: NOTE
    GNU make is a SystemRequirements.
Flavors: r-devel-linux-x86_64-debian-clang, r-devel-linux-x86_64-debian-gcc, r-devel-linux-x86_64-fedora-clang, r-devel-linux-x86_64-fedora-gcc, r-devel-windows-ix86+x86_64, r-devel-windows-ix86+x86_64-gcc8, r-patched-linux-x86_64, r-patched-solaris-x86, r-release-linux-x86_64, r-release-windows-ix86+x86_64, r-release-osx-x86_64, r-oldrel-windows-ix86+x86_64, r-oldrel-osx-x86_64

Version: 2.19.3
Check: installed package size
Result: NOTE
     installed size is 181.0Mb
     sub-directories of 1Mb or more:
     libs 178.2Mb
Flavors: r-devel-linux-x86_64-fedora-clang, r-devel-windows-ix86+x86_64, r-devel-windows-ix86+x86_64-gcc8, r-patched-solaris-x86, r-release-windows-ix86+x86_64, r-release-osx-x86_64, r-oldrel-windows-ix86+x86_64, r-oldrel-osx-x86_64