CRAN Package Check Results for Package rtsdata

Last updated on 2020-07-13 23:49:51 CEST.

Flavor Version Tinstall Tcheck Ttotal Status Flags
r-devel-linux-x86_64-debian-clang 0.1.2 2.72 27.69 30.41 OK
r-devel-linux-x86_64-debian-gcc 0.1.2 2.40 21.76 24.16 OK
r-devel-linux-x86_64-fedora-clang 0.1.2 45.01 NOTE
r-devel-linux-x86_64-fedora-gcc 0.1.2 37.20 NOTE
r-devel-windows-ix86+x86_64 0.1.2 8.00 60.00 68.00 OK
r-patched-linux-x86_64 0.1.2 2.91 27.11 30.02 OK
r-patched-solaris-x86 0.1.2 54.90 NOTE
r-release-linux-x86_64 0.1.2 2.87 27.54 30.41 OK
r-release-macos-x86_64 0.1.2 ERROR
r-release-windows-ix86+x86_64 0.1.2 12.00 42.00 54.00 OK
r-oldrel-macos-x86_64 0.1.2 OK
r-oldrel-windows-ix86+x86_64 0.1.2 10.00 37.00 47.00 OK

Check Details

Version: 0.1.2
Check: package dependencies
Result: NOTE
    Package suggested but not available for checking: ‘RQuantLib’
Flavors: r-devel-linux-x86_64-fedora-clang, r-devel-linux-x86_64-fedora-gcc, r-patched-solaris-x86

Version: 0.1.2
Check: whether package can be installed
Result: ERROR
    Installation failed.
Flavor: r-release-macos-x86_64