CRAN Package Check Results for Package rzeit2

Last updated on 2020-05-30 07:49:33 CEST.

Flavor Version Tinstall Tcheck Ttotal Status Flags
r-devel-linux-x86_64-debian-clang 0.2.3 3.54 37.25 40.79 OK
r-devel-linux-x86_64-debian-gcc 0.2.3 2.76 29.59 32.35 OK
r-devel-linux-x86_64-fedora-clang 0.2.3 49.51 NOTE
r-devel-linux-x86_64-fedora-gcc 0.2.3 49.27 WARN
r-devel-windows-ix86+x86_64 0.2.3 12.00 133.00 145.00 OK
r-patched-linux-x86_64 0.2.3 3.42 37.70 41.12 OK
r-patched-solaris-x86 0.2.3 83.40 NOTE
r-release-linux-x86_64 0.2.3 3.29 37.30 40.59 OK
r-release-osx-x86_64 0.2.3 NOTE
r-release-windows-ix86+x86_64 0.2.3 10.00 133.00 143.00 OK
r-oldrel-osx-x86_64 0.2.3 NOTE
r-oldrel-windows-ix86+x86_64 0.2.3 8.00 53.00 61.00 OK

Check Details

Version: 0.2.3
Check: data for non-ASCII characters
Result: NOTE
     Note: found 841 marked UTF-8 strings
Flavors: r-devel-linux-x86_64-fedora-clang, r-devel-linux-x86_64-fedora-gcc, r-patched-solaris-x86, r-release-osx-x86_64, r-oldrel-osx-x86_64

Version: 0.2.3
Check: re-building of vignette outputs
Result: WARN
    Error(s) in re-building vignettes:
    --- re-building ‘introduction.Rmd’ using rmarkdown
    --- finished re-building ‘introduction.Rmd’
    
    --- re-building ‘sentiment.Rmd’ using rmarkdown
    
    Attaching package: 'dplyr'
    
    The following objects are masked from 'package:stats':
    
     filter, lag
    
    The following objects are masked from 'package:base':
    
     intersect, setdiff, setequal, union
    
    Quitting from lines 90-104 (sentiment.Rmd)
    Error: processing vignette 'sentiment.Rmd' failed with diagnostics:
    Corrupt `grouped_df` using old (< 0.8.0) format.
    ℹ Strip off old grouping with `ungroup()`.
    --- failed re-building ‘sentiment.Rmd’
    
    SUMMARY: processing the following file failed:
     ‘sentiment.Rmd’
    
    Error: Vignette re-building failed.
    Execution halted
Flavor: r-devel-linux-x86_64-fedora-gcc