CRAN Package Check Results for Package sampling

Last updated on 2020-06-05 07:50:58 CEST.

Flavor Version Tinstall Tcheck Ttotal Status Flags
r-devel-linux-x86_64-debian-clang 2.8 8.51 94.07 102.58 OK
r-devel-linux-x86_64-debian-gcc 2.8 6.20 71.68 77.88 OK
r-devel-linux-x86_64-fedora-clang 2.8 132.13 NOTE
r-devel-linux-x86_64-fedora-gcc 2.8 123.47 NOTE
r-devel-windows-ix86+x86_64 2.8 19.00 543.00 562.00 OK
r-patched-linux-x86_64 2.8 8.36 97.66 106.02 OK
r-patched-solaris-x86 2.8 189.40 OK
r-release-linux-x86_64 2.8 8.52 98.59 107.11 OK
r-release-osx-x86_64 2.8 OK
r-release-windows-ix86+x86_64 2.8 15.00 607.00 622.00 OK
r-oldrel-osx-x86_64 2.8 OK
r-oldrel-windows-ix86+x86_64 2.8 19.00 664.00 683.00 OK

Check Details

Version: 2.8
Check: compiled code
Result: NOTE
    File ‘sampling/libs/sampling.so’:
     Found no calls to: ‘R_registerRoutines’, ‘R_useDynamicSymbols’
    
    It is good practice to register native routines and to disable symbol
    search.
    
    See ‘Writing portable packages’ in the ‘Writing R Extensions’ manual.
Flavors: r-devel-linux-x86_64-fedora-clang, r-devel-linux-x86_64-fedora-gcc