CRAN Package Check Results for Package sand

Last updated on 2020-03-31 07:48:40 CEST.

Flavor Version Tinstall Tcheck Ttotal Status Flags
r-devel-linux-x86_64-debian-clang 1.0.3 2.69 28.56 31.25 NOTE
r-devel-linux-x86_64-debian-gcc 1.0.3 2.17 20.68 22.85 NOTE
r-devel-linux-x86_64-fedora-clang 1.0.3 35.10 NOTE
r-devel-linux-x86_64-fedora-gcc 1.0.3 34.46 NOTE
r-devel-windows-ix86+x86_64 1.0.3 7.00 36.00 43.00 OK
r-devel-windows-ix86+x86_64-gcc8 1.0.3 6.00 42.00 48.00 NOTE
r-patched-linux-x86_64 1.0.3 2.76 25.36 28.12 NOTE
r-patched-solaris-x86 1.0.3 61.50 NOTE
r-release-linux-x86_64 1.0.3 2.18 24.02 26.20 NOTE
r-release-windows-ix86+x86_64 1.0.3 8.00 56.00 64.00 OK
r-release-osx-x86_64 1.0.3 NOTE
r-oldrel-windows-ix86+x86_64 1.0.3 4.00 51.00 55.00 OK
r-oldrel-osx-x86_64 1.0.3 NOTE

Check Details

Version: 1.0.3
Check: package dependencies
Result: NOTE
    Package suggested but not available for checking: 'mixer'
Flavors: r-devel-linux-x86_64-debian-clang, r-devel-linux-x86_64-debian-gcc, r-devel-linux-x86_64-fedora-clang, r-devel-linux-x86_64-fedora-gcc, r-devel-windows-ix86+x86_64-gcc8, r-patched-linux-x86_64, r-patched-solaris-x86, r-release-linux-x86_64

Version: 1.0.3
Check: data for non-ASCII characters
Result: NOTE
     Note: found 6 marked UTF-8 strings
Flavors: r-devel-linux-x86_64-fedora-clang, r-devel-linux-x86_64-fedora-gcc, r-patched-solaris-x86, r-release-osx-x86_64, r-oldrel-osx-x86_64

Version: 1.0.3
Check: package dependencies
Result: NOTE
    Packages suggested but not available for checking:
     'GO.db', 'GOstats', 'mixer', 'org.Sc.sgd.db'
Flavor: r-release-osx-x86_64

Version: 1.0.3
Check: package dependencies
Result: NOTE
    Packages suggested but not available for checking:
     ‘mixer’ ‘networkTomography’ ‘org.Sc.sgd.db’
Flavor: r-oldrel-osx-x86_64